{"id":32,"date":"2026-03-10T06:37:51","date_gmt":"2026-03-10T06:37:51","guid":{"rendered":"https:\/\/whatifwefly.uk.com\/?page_id=32"},"modified":"2026-03-15T06:04:40","modified_gmt":"2026-03-15T06:04:40","slug":"the-thao-open88","status":"publish","type":"page","link":"https:\/\/whatifwefly.uk.com\/index.php\/the-thao-open88\/","title":{"rendered":"Th\u1ec3 thao"},"content":{"rendered":"<div id=\"toc_container\" class=\"no_bullets\"><p class=\"toc_title\">Contents<\/p><ul class=\"toc_list\"><li><a href=\"#The_Thao_OPEN88_8211_Bat_Mi_Kinh_Nghiem_Nang_Ty_Le_Thang_Lon\"><span class=\"toc_number toc_depth_1\">1<\/span> Th\u1ec3 Thao OPEN88 &#8211; B\u1eadt M\u00ed Kinh Nghi\u1ec7m, N\u00e2ng T\u1ef7 L\u1ec7 Th\u1eafng L\u1edbn<\/a><ul><li><a href=\"#Kham_pha_sanh_the_thao_OPEN88_uy_tin_hang_dau\"><span class=\"toc_number toc_depth_2\">1.1<\/span> Kh\u00e1m ph\u00e1 s\u1ea3nh th\u1ec3 thao OPEN88 uy t\u00edn h\u00e0ng \u0111\u1ea7u<\/a><ul><li><a href=\"#Da_dang_mon_the_thao_hap_dan\"><span class=\"toc_number toc_depth_3\">1.1.1<\/span> \u0110a d\u1ea1ng m\u00f4n th\u1ec3 thao h\u1ea5p d\u1eabn<\/a><\/li><li><a href=\"#Ty_le_keo_canh_tranh_so_mot\"><span class=\"toc_number toc_depth_3\">1.1.2<\/span> T\u1ef7 l\u1ec7 k\u00e8o c\u1ea1nh tranh s\u1ed1 m\u1ed9t<\/a><\/li><li><a href=\"#Cap_nhat_tran_dau_theo_thoi_gian_thuc\"><span class=\"toc_number toc_depth_3\">1.1.3<\/span> C\u1eadp nh\u1eadt tr\u1eadn \u0111\u1ea5u theo th\u1eddi gian th\u1ef1c<\/a><\/li><\/ul><\/li><li><a href=\"#Chuong_trinh_khuyen_mai_the_thao_OPEN88_sieu_hap_dan\"><span class=\"toc_number toc_depth_2\">1.2<\/span> Ch\u01b0\u01a1ng tr\u00ecnh khuy\u1ebfn m\u00e3i th\u1ec3 thao OPEN88 si\u00eau h\u1ea5p d\u1eabn<\/a><\/li><li><a href=\"#Chien_thuat_choi_cuoc_the_thao_hieu_qua_nhat\"><span class=\"toc_number toc_depth_2\">1.3<\/span> Chi\u1ebfn thu\u1eadt ch\u01a1i c\u01b0\u1ee3c th\u1ec3 thao hi\u1ec7u qu\u1ea3 nh\u1ea5t<\/a><ul><li><a href=\"#Chien_thuat_soi_cau_chuyen_sau\"><span class=\"toc_number toc_depth_3\">1.3.1<\/span> Chi\u1ebfn thu\u1eadt soi c\u1ea7u chuy\u00ean s\u00e2u<\/a><\/li><li><a href=\"#Phuong_phap_cuoc_theo_day_1-3-2-4\"><span class=\"toc_number toc_depth_3\">1.3.2<\/span> Ph\u01b0\u01a1ng ph\u00e1p c\u01b0\u1ee3c theo d\u00e2y 1-3-2-4<\/a><\/li><li><a href=\"#Chien_thuat_cuoc_theo_xu_huong\"><span class=\"toc_number toc_depth_3\">1.3.3<\/span> Chi\u1ebfn thu\u1eadt c\u01b0\u1ee3c theo xu h\u01b0\u1edbng<\/a><\/li><\/ul><\/li><li><a href=\"#Loi_ket\"><span class=\"toc_number toc_depth_2\">1.4<\/span> L\u1eddi k\u1ebft<\/a><\/li><\/ul><\/li><\/ul><\/div>\n<h1 style=\"text-align: center;\"><span id=\"The_Thao_OPEN88_8211_Bat_Mi_Kinh_Nghiem_Nang_Ty_Le_Thang_Lon\"><b>Th\u1ec3 Thao OPEN88 &#8211; B\u1eadt M\u00ed Kinh Nghi\u1ec7m, N\u00e2ng T\u1ef7 L\u1ec7 Th\u1eafng L\u1edbn<\/b><\/span><\/h1>\n<p><b>Th\u1ec3 thao OPEN88<\/b><span style=\"font-weight: 400;\"> \u0111ang tr\u1edf th\u00e0nh \u0111i\u1ec3m \u0111\u1ebfn l\u00fd t\u01b0\u1edfng cho nh\u1eefng ai \u0111am m\u00ea c\u00e1 c\u01b0\u1ee3c b\u00f3ng \u0111\u00e1 v\u00e0 c\u00e1c m\u00f4n th\u1ec3 thao h\u1ea5p d\u1eabn kh\u00e1c. V\u1edbi t\u1ef7 l\u1ec7 k\u00e8o c\u1ea1nh tranh c\u00f9ng h\u00e0ng ngh\u00ecn tr\u1eadn \u0111\u1ea5u \u0111\u01b0\u1ee3c c\u1eadp nh\u1eadt m\u1ed7i ng\u00e0y, s\u1ea3nh c\u01b0\u1ee3c n\u00e0y thu h\u00fat \u0111\u00f4ng \u0111\u1ea3o th\u00e0nh vi\u00ean tham gia. H\u00e3y c\u00f9ng kh\u00e1m ph\u00e1 nh\u1eefng kinh nghi\u1ec7m gi\u00fap b\u1ea1n gia t\u0103ng c\u01a1 h\u1ed9i chi\u1ebfn th\u1eafng t\u1ea1i <\/span><a href=\"https:\/\/whatifwefly.uk.com\/\"><b>OPEN88<\/b><\/a><span style=\"font-weight: 400;\"> ngay h\u00f4m nay.<\/span><\/p>\n<h2><span id=\"Kham_pha_sanh_the_thao_OPEN88_uy_tin_hang_dau\"><b>Kh\u00e1m ph\u00e1 s\u1ea3nh th\u1ec3 thao OPEN88 uy t\u00edn h\u00e0ng \u0111\u1ea7u<\/b><\/span><\/h2>\n<figure id=\"attachment_124\" aria-describedby=\"caption-attachment-124\" style=\"width: 800px\" class=\"wp-caption aligncenter\"><img decoding=\"async\" class=\"size-full wp-image-124\" src=\"http:\/\/whatifwefly.uk.com\/wp-content\/uploads\/2026\/03\/sanh-cuoc-the-thao-open88-uy-tin-chat-luong.jpg\" alt=\"S\u1ea3nh c\u01b0\u1ee3c th\u1ec3 thao OPEN88 uy t\u00edn ch\u1ea5t l\u01b0\u1ee3ng\" width=\"800\" height=\"400\" srcset=\"https:\/\/whatifwefly.uk.com\/wp-content\/uploads\/2026\/03\/sanh-cuoc-the-thao-open88-uy-tin-chat-luong.jpg 800w, https:\/\/whatifwefly.uk.com\/wp-content\/uploads\/2026\/03\/sanh-cuoc-the-thao-open88-uy-tin-chat-luong-300x150.jpg 300w, https:\/\/whatifwefly.uk.com\/wp-content\/uploads\/2026\/03\/sanh-cuoc-the-thao-open88-uy-tin-chat-luong-768x384.jpg 768w\" sizes=\"(max-width: 800px) 100vw, 800px\" \/><figcaption id=\"caption-attachment-124\" class=\"wp-caption-text\">S\u1ea3nh c\u01b0\u1ee3c th\u1ec3 thao OPEN88 uy t\u00edn ch\u1ea5t l\u01b0\u1ee3ng<\/figcaption><\/figure>\n<p><b>Th\u1ec3 thao OPEN88<\/b><span style=\"font-weight: 400;\"> \u0111\u01b0\u1ee3c x\u00e2y d\u1ef1ng b\u1edfi \u0111\u1ed9i ng\u0169 chuy\u00ean gia v\u1edbi h\u01a1n 10 n\u0103m kinh nghi\u1ec7m trong l\u0129nh v\u1ef1c c\u00e1 c\u01b0\u1ee3c tr\u1ef1c tuy\u1ebfn chuy\u00ean nghi\u1ec7p. S\u1ea3nh c\u01b0\u1ee3c n\u00e0y s\u1edf h\u1eefu giao di\u1ec7n hi\u1ec7n \u0111\u1ea1i, thao t\u00e1c m\u01b0\u1ee3t m\u00e0 v\u00e0 h\u1ed7 tr\u1ee3 \u0111a n\u1ec1n t\u1ea3ng t\u1eeb m\u00e1y t\u00ednh \u0111\u1ebfn \u0111i\u1ec7n tho\u1ea1i di \u0111\u1ed9ng.<\/span><\/p>\n<h3><span id=\"Da_dang_mon_the_thao_hap_dan\"><b>\u0110a d\u1ea1ng m\u00f4n th\u1ec3 thao h\u1ea5p d\u1eabn<\/b><\/span><\/h3>\n<p><span style=\"font-weight: 400;\">S\u1ea3nh c\u01b0\u1ee3c <\/span><b>th\u1ec3 thao OPEN88<\/b><span style=\"font-weight: 400;\"> cung c\u1ea5p h\u01a1n 30 b\u1ed9 m\u00f4n kh\u00e1c nhau t\u1eeb b\u00f3ng \u0111\u00e1, b\u00f3ng r\u1ed5 \u0111\u1ebfn tennis v\u00e0 esports c\u1ef1c k\u1ef3 h\u1ea5p d\u1eabn. M\u1ed7i ng\u00e0y c\u00f3 h\u00e0ng tr\u0103m tr\u1eadn \u0111\u1ea5u \u0111\u01b0\u1ee3c ph\u00e1t s\u00f3ng tr\u1ef1c ti\u1ebfp \u0111\u1ec3 th\u00e0nh vi\u00ean theo d\u00f5i v\u00e0 \u0111\u1eb7t c\u01b0\u1ee3c theo th\u1eddi gian th\u1ef1c m\u1ed9t c\u00e1ch ti\u1ec7n l\u1ee3i. Ngo\u00e0i ra, h\u1ec7 th\u1ed1ng c\u00f2n c\u1eadp nh\u1eadt c\u00e1c gi\u1ea3i \u0111\u1ea5u t\u1eeb kh\u1eafp n\u01a1i tr\u00ean th\u1ebf gi\u1edbi v\u1edbi th\u00f4ng tin chi ti\u1ebft v\u00e0 ch\u00ednh x\u00e1c.<\/span><\/p>\n<p><span style=\"font-weight: 400;\">C\u00e1c b\u1ea1n c\u00f3 th\u1ec3 t\u00ecm th\u1ea5y nh\u1eefng tr\u1eadn c\u1ea7u \u0111\u1ec9nh cao t\u1eeb Premier League, La Liga cho \u0111\u1ebfn Champions League v\u1edbi t\u1ef7 l\u1ec7 h\u1ea5p d\u1eabn. B\u00ean c\u1ea1nh \u0111\u00f3, nh\u1eefng gi\u1ea3i \u0111\u1ea5u nh\u1ecf h\u01a1n nh\u01b0 V-League hay c\u00e1c gi\u1ea3i ch\u00e2u \u00c1 c\u0169ng \u0111\u01b0\u1ee3c c\u1eadp nh\u1eadt \u0111\u1ea7y \u0111\u1ee7 th\u00f4ng tin. H\u1ec7 th\u1ed1ng l\u1ecdc th\u00f4ng minh gi\u00fap th\u00e0nh vi\u00ean d\u1ec5 d\u00e0ng t\u00ecm ki\u1ebfm tr\u1eadn \u0111\u1ea5u y\u00eau th\u00edch ch\u1ec9 trong v\u00e0i gi\u00e2y \u0111\u1ed3ng h\u1ed3.<\/span><\/p>\n<h3><span id=\"Ty_le_keo_canh_tranh_so_mot\"><b>T\u1ef7 l\u1ec7 k\u00e8o c\u1ea1nh tranh s\u1ed1 m\u1ed9t<\/b><\/span><\/h3>\n<p><span style=\"font-weight: 400;\">\u0110i\u1ec3m n\u1ed5i b\u1eadt c\u1ee7a <\/span><b>th\u1ec3 thao OPEN88<\/b><span style=\"font-weight: 400;\"> ch\u00ednh l\u00e0 t\u1ef7 l\u1ec7 k\u00e8o lu\u00f4n cao h\u01a1n so v\u1edbi nhi\u1ec1u s\u1ea3nh c\u01b0\u1ee3c kh\u00e1c tr\u00ean th\u1ecb tr\u01b0\u1eddng hi\u1ec7n nay. Th\u00e0nh vi\u00ean c\u00f3 th\u1ec3 so s\u00e1nh t\u1ef7 l\u1ec7 gi\u1eefa c\u00e1c nh\u00e0 c\u00e1i kh\u00e1c nhau v\u00e0 nh\u1eadn th\u1ea5y s\u1ef1 ch\u00eanh l\u1ec7ch \u0111\u00e1ng k\u1ec3 v\u1ec1 m\u1ee9c th\u01b0\u1edfng nh\u1eadn \u0111\u01b0\u1ee3c. \u0110\u1eb7c bi\u1ec7t, h\u1ec7 th\u1ed1ng c\u00f2n \u00e1p d\u1ee5ng c\u00f4ng ngh\u1ec7 AI \u0111\u1ec3 \u0111\u01b0a ra nh\u1eefng t\u1ef7 l\u1ec7 k\u00e8o h\u1ee3p l\u00fd v\u00e0 c\u00f4ng b\u1eb1ng nh\u1ea5t.<\/span><\/p>\n<p><span style=\"font-weight: 400;\">M\u1ee9c c\u01b0\u1ee3c linh ho\u1ea1t t\u1eeb 10.000 VN\u0110 \u0111\u1ebfn h\u00e0ng tr\u0103m tri\u1ec7u \u0111\u1ed3ng ph\u00f9 h\u1ee3p v\u1edbi m\u1ecdi \u0111\u1ed1i t\u01b0\u1ee3ng tham gia c\u00e1 c\u01b0\u1ee3c th\u1ec3 thao. C\u00e1c k\u00e8o ch\u00e2u \u00c1, ch\u00e2u \u00c2u v\u00e0 t\u00e0i x\u1ec9u \u0111\u1ec1u \u0111\u01b0\u1ee3c ni\u00eam y\u1ebft r\u00f5 r\u00e0ng v\u1edbi bi\u00ean \u0111\u1ed9 dao \u0111\u1ed9ng h\u1ee3p l\u00fd theo t\u1eebng th\u1eddi \u0111i\u1ec3m. \u0110\u1ed3ng th\u1eddi, th\u00e0nh vi\u00ean VIP c\u00f2n \u0111\u01b0\u1ee3c h\u01b0\u1edfng th\u00eam \u01b0u \u0111\u00e3i ri\u00eang v\u1ec1 t\u1ef7 l\u1ec7 k\u00e8o \u0111\u1eb7c bi\u1ec7t cho c\u00e1c tr\u1eadn l\u1edbn.<\/span><\/p>\n<h3><span id=\"Cap_nhat_tran_dau_theo_thoi_gian_thuc\"><b>C\u1eadp nh\u1eadt tr\u1eadn \u0111\u1ea5u theo th\u1eddi gian th\u1ef1c<\/b><\/span><\/h3>\n<p><span style=\"font-weight: 400;\">H\u1ec7 th\u1ed1ng livestream t\u1ea1i <\/span><b>th\u1ec3 thao OPEN88<\/b><span style=\"font-weight: 400;\"> ph\u00e1t s\u00f3ng tr\u1ef1c ti\u1ebfp h\u00e0ng ngh\u00ecn tr\u1eadn \u0111\u1ea5u m\u1ed7i tu\u1ea7n v\u1edbi ch\u1ea5t l\u01b0\u1ee3ng h\u00ecnh \u1ea3nh Full HD. Th\u00e0nh vi\u00ean kh\u00f4ng c\u1ea7n r\u1eddi kh\u1ecfi s\u1ea3nh c\u01b0\u1ee3c m\u00e0 v\u1eabn c\u00f3 th\u1ec3 theo d\u00f5i di\u1ec5n bi\u1ebfn tr\u1eadn \u0111\u1ea5u m\u1ed9t c\u00e1ch chi ti\u1ebft v\u00e0 ch\u00ednh x\u00e1c. B\u00ean c\u1ea1nh \u0111\u00f3, b\u1ea3ng th\u1ed1ng k\u00ea tr\u1ef1c quan hi\u1ec3n th\u1ecb s\u1ed1 li\u1ec7u v\u1ec1 \u0111\u1ed9i h\u00ecnh, phong \u0111\u1ed9 v\u00e0 l\u1ecbch s\u1eed \u0111\u1ed1i \u0111\u1ea7u c\u1ef1c k\u1ef3 h\u1eefu \u00edch.<\/span><\/p>\n<p><span style=\"font-weight: 400;\">Th\u00f4ng b\u00e1o \u0111\u1ea9y t\u1ef1 \u0111\u1ed9ng g\u1eedi \u0111\u1ebfn \u0111i\u1ec7n tho\u1ea1i khi tr\u1eadn \u0111\u1ea5u b\u1ea1n quan t\u00e2m s\u1eafp di\u1ec5n ra ho\u1eb7c c\u00f3 bi\u1ebfn \u0111\u1ed9ng t\u1ef7 l\u1ec7 k\u00e8o. T\u00ednh n\u0103ng xem l\u1ea1i highlight gi\u00fap nh\u1eefng ai b\u1eadn r\u1ed9n v\u1eabn c\u00f3 th\u1ec3 n\u1eafm b\u1eaft \u0111\u01b0\u1ee3c nh\u1eefng pha b\u00f3ng quan tr\u1ecdng c\u1ee7a tr\u1eadn \u0111\u1ea5u. Ngo\u00e0i ra, \u0111\u1ed9i ng\u0169 BLV chuy\u00ean nghi\u1ec7p c\u00f2n ph\u00e2n t\u00edch k\u00e8o tr\u1ef1c ti\u1ebfp gi\u00fap th\u00e0nh vi\u00ean c\u00f3 th\u00eam g\u00f3c nh\u00ecn \u0111a chi\u1ec1u.<\/span><\/p>\n<h2><span id=\"Chuong_trinh_khuyen_mai_the_thao_OPEN88_sieu_hap_dan\"><b>Ch\u01b0\u01a1ng tr\u00ecnh khuy\u1ebfn m\u00e3i th\u1ec3 thao OPEN88 si\u00eau h\u1ea5p d\u1eabn<\/b><\/span><\/h2>\n<figure id=\"attachment_122\" aria-describedby=\"caption-attachment-122\" style=\"width: 800px\" class=\"wp-caption aligncenter\"><img decoding=\"async\" class=\"size-full wp-image-122\" src=\"http:\/\/whatifwefly.uk.com\/wp-content\/uploads\/2026\/03\/uu-dai-khuyen-mai-cuoc-sieu-khung.jpg\" alt=\"\u01afu \u0111\u00e3i khuy\u1ebfn m\u00e3i c\u01b0\u1ee3c si\u00eau kh\u1ee7ng\" width=\"800\" height=\"400\" srcset=\"https:\/\/whatifwefly.uk.com\/wp-content\/uploads\/2026\/03\/uu-dai-khuyen-mai-cuoc-sieu-khung.jpg 800w, https:\/\/whatifwefly.uk.com\/wp-content\/uploads\/2026\/03\/uu-dai-khuyen-mai-cuoc-sieu-khung-300x150.jpg 300w, https:\/\/whatifwefly.uk.com\/wp-content\/uploads\/2026\/03\/uu-dai-khuyen-mai-cuoc-sieu-khung-768x384.jpg 768w\" sizes=\"(max-width: 800px) 100vw, 800px\" \/><figcaption id=\"caption-attachment-122\" class=\"wp-caption-text\">\u01afu \u0111\u00e3i khuy\u1ebfn m\u00e3i c\u01b0\u1ee3c si\u00eau kh\u1ee7ng<\/figcaption><\/figure>\n<p><b>Th\u1ec3 thao OPEN88<\/b><span style=\"font-weight: 400;\"> tri\u1ec3n khai h\u00e0ng lo\u1ea1t ch\u01b0\u01a1ng tr\u00ecnh khuy\u1ebfn m\u00e3i v\u1edbi t\u1ed5ng gi\u00e1 tr\u1ecb th\u01b0\u1edfng l\u00ean \u0111\u1ebfn h\u00e0ng t\u1ef7 \u0111\u1ed3ng m\u1ed7i th\u00e1ng cho th\u00e0nh vi\u00ean. C\u00e1c \u01b0u \u0111\u00e3i \u0111\u01b0\u1ee3c thi\u1ebft k\u1ebf ph\u00f9 h\u1ee3p v\u1edbi c\u1ea3 h\u1ed9i vi\u00ean m\u1edbi l\u1eabn nh\u1eefng th\u00e0nh vi\u00ean trung th\u00e0nh \u0111\u00e3 g\u1eafn b\u00f3 l\u00e2u n\u0103m v\u1edbi s\u1ea3nh c\u01b0\u1ee3c.<\/span><\/p>\n<ul>\n<li style=\"font-weight: 400;\" aria-level=\"1\"><b>Th\u01b0\u1edfng ch\u00e0o m\u1eebng 100%<\/b><span style=\"font-weight: 400;\">: Th\u00e0nh vi\u00ean \u0111\u0103ng k\u00fd m\u1edbi nh\u1eadn ngay 100% gi\u00e1 tr\u1ecb n\u1ea1p l\u1ea7n \u0111\u1ea7u v\u1edbi m\u1ee9c th\u01b0\u1edfng l\u00ean \u0111\u1ebfn 5 tri\u1ec7u \u0111\u1ed3ng. Ch\u1ec9 c\u1ea7n ho\u00e0n th\u00e0nh 3 v\u00f2ng c\u01b0\u1ee3c l\u00e0 c\u00f3 th\u1ec3 r\u00fat to\u00e0n b\u1ed9 s\u1ed1 ti\u1ec1n th\u01b0\u1edfng v\u1ec1 t\u00e0i kho\u1ea3n ng\u00e2n h\u00e0ng.<\/span><\/li>\n<li style=\"font-weight: 400;\" aria-level=\"1\"><b>Ho\u00e0n tr\u1ea3 h\u00e0ng ng\u00e0y<\/b><span style=\"font-weight: 400;\">: Ch\u01b0\u01a1ng tr\u00ecnh <\/span><b>th\u1ec3 thao OPEN88<\/b><span style=\"font-weight: 400;\"> ho\u00e0n tr\u1ea3 1.2% doanh thu c\u01b0\u1ee3c m\u1ed7i ng\u00e0y kh\u00f4ng gi\u1edbi h\u1ea1n s\u1ed1 ti\u1ec1n nh\u1eadn \u0111\u01b0\u1ee3c. Ti\u1ec1n ho\u00e0n tr\u1ea3 \u0111\u01b0\u1ee3c c\u1ed9ng t\u1ef1 \u0111\u1ed9ng v\u00e0o t\u00e0i kho\u1ea3n ch\u00ednh l\u00fac 10 gi\u1edd s\u00e1ng h\u00f4m sau.<\/span><\/li>\n<li style=\"font-weight: 400;\" aria-level=\"1\"><b>Th\u01b0\u1edfng n\u1ea1p l\u1ea1i 50%<\/b><span style=\"font-weight: 400;\">: M\u1ed7i l\u1ea7n n\u1ea1p ti\u1ec1n t\u1eeb 500.000 VN\u0110 tr\u1edf l\u00ean, th\u00e0nh vi\u00ean nh\u1eadn th\u00eam 50% ti\u1ec1n th\u01b0\u1edfng v\u00e0o t\u00e0i kho\u1ea3n khuy\u1ebfn m\u00e3i. \u01afu \u0111\u00e3i n\u00e0y \u00e1p d\u1ee5ng kh\u00f4ng gi\u1edbi h\u1ea1n s\u1ed1 l\u1ea7n n\u1ea1p trong su\u1ed1t th\u1eddi gian tham gia c\u00e1 c\u01b0\u1ee3c.<\/span><\/li>\n<li style=\"font-weight: 400;\" aria-level=\"1\"><b>Th\u01b0\u1edfng VIP b\u00e0n l\u1edbn<\/b><span style=\"font-weight: 400;\">: \u0110\u1eb7t c\u01b0\u1ee3c t\u1eeb 10 tri\u1ec7u \u0111\u1ed3ng tr\u1edf l\u00ean t\u1ea1i <\/span><b>th\u1ec3 thao OPEN88<\/b><span style=\"font-weight: 400;\">, th\u00e0nh vi\u00ean \u0111\u01b0\u1ee3c c\u1ed9ng th\u00eam 0.5% gi\u00e1 tr\u1ecb c\u01b0\u1ee3c. Ch\u01b0\u01a1ng tr\u00ecnh d\u00e0nh ri\u00eang cho h\u1ed9i vi\u00ean c\u1ea5p b\u1eadc V\u00e0ng tr\u1edf l\u00ean v\u1edbi quy\u1ec1n l\u1ee3i \u0111\u1eb7c bi\u1ec7t h\u1ea5p d\u1eabn.<\/span><\/li>\n<li style=\"font-weight: 400;\" aria-level=\"1\"><b>Th\u01b0\u1edfng gi\u1edbi thi\u1ec7u b\u1ea1n b\u00e8<\/b><span style=\"font-weight: 400;\">: M\u1ed7i ng\u01b0\u1eddi b\u1ea1n \u0111\u0103ng k\u00fd th\u00e0nh c\u00f4ng qua link gi\u1edbi thi\u1ec7u, th\u00e0nh vi\u00ean nh\u1eadn ngay 200.000 VN\u0110 ti\u1ec1n th\u01b0\u1edfng. Kh\u00f4ng gi\u1edbi h\u1ea1n s\u1ed1 l\u01b0\u1ee3ng b\u1ea1n b\u00e8 gi\u1edbi thi\u1ec7u v\u00e0 ti\u1ec1n th\u01b0\u1edfng \u0111\u01b0\u1ee3c c\u1ed9ng ngay l\u1eadp t\u1ee9c.<\/span><\/li>\n<\/ul>\n<h2><span id=\"Chien_thuat_choi_cuoc_the_thao_hieu_qua_nhat\"><b>Chi\u1ebfn thu\u1eadt ch\u01a1i c\u01b0\u1ee3c th\u1ec3 thao hi\u1ec7u qu\u1ea3 nh\u1ea5t<\/b><\/span><\/h2>\n<figure id=\"attachment_125\" aria-describedby=\"caption-attachment-125\" style=\"width: 800px\" class=\"wp-caption aligncenter\"><img decoding=\"async\" class=\"size-full wp-image-125\" src=\"http:\/\/whatifwefly.uk.com\/wp-content\/uploads\/2026\/03\/phuong-phap-cuoc-the-thao-chuyen-nghiep.jpg\" alt=\"Ph\u01b0\u01a1ng ph\u00e1p c\u01b0\u1ee3c th\u1ec3 thao chuy\u00ean nghi\u1ec7p\" width=\"800\" height=\"400\" srcset=\"https:\/\/whatifwefly.uk.com\/wp-content\/uploads\/2026\/03\/phuong-phap-cuoc-the-thao-chuyen-nghiep.jpg 800w, https:\/\/whatifwefly.uk.com\/wp-content\/uploads\/2026\/03\/phuong-phap-cuoc-the-thao-chuyen-nghiep-300x150.jpg 300w, https:\/\/whatifwefly.uk.com\/wp-content\/uploads\/2026\/03\/phuong-phap-cuoc-the-thao-chuyen-nghiep-768x384.jpg 768w\" sizes=\"(max-width: 800px) 100vw, 800px\" \/><figcaption id=\"caption-attachment-125\" class=\"wp-caption-text\">Ph\u01b0\u01a1ng ph\u00e1p c\u01b0\u1ee3c th\u1ec3 thao chuy\u00ean nghi\u1ec7p<\/figcaption><\/figure>\n<p><span style=\"font-weight: 400;\">\u0110\u1ec3 n\u00e2ng cao t\u1ef7 l\u1ec7 chi\u1ebfn th\u1eafng t\u1ea1i <\/span><b>th\u1ec3 thao OPEN88<\/b><span style=\"font-weight: 400;\">, th\u00e0nh vi\u00ean c\u1ea7n trang b\u1ecb nh\u1eefng chi\u1ebfn thu\u1eadt ch\u01a1i c\u01b0\u1ee3c khoa h\u1ecdc v\u00e0 b\u00e0i b\u1ea3n. D\u01b0\u1edbi \u0111\u00e2y l\u00e0 nh\u1eefng ph\u01b0\u01a1ng ph\u00e1p \u0111\u00e3 \u0111\u01b0\u1ee3c nhi\u1ec1u cao th\u1ee7 \u00e1p d\u1ee5ng th\u00e0nh c\u00f4ng v\u00e0 mang l\u1ea1i hi\u1ec7u qu\u1ea3 cao trong th\u1eddi gian d\u00e0i.<\/span><\/p>\n<h3><span id=\"Chien_thuat_soi_cau_chuyen_sau\"><b>Chi\u1ebfn thu\u1eadt soi c\u1ea7u chuy\u00ean s\u00e2u<\/b><\/span><\/h3>\n<p><span style=\"font-weight: 400;\">Ph\u01b0\u01a1ng ph\u00e1p soi c\u1ea7u y\u00eau c\u1ea7u th\u00e0nh vi\u00ean ph\u00e2n t\u00edch k\u1ef9 l\u1ecbch s\u1eed \u0111\u1ed1i \u0111\u1ea7u gi\u1eefa hai \u0111\u1ed9i trong v\u00f2ng 10 tr\u1eadn g\u1ea7n nh\u1ea5t tr\u01b0\u1edbc khi quy\u1ebft \u0111\u1ecbnh. B\u00ean c\u1ea1nh \u0111\u00f3, phong \u0111\u1ed9 hi\u1ec7n t\u1ea1i c\u1ee7a t\u1eebng c\u1ea7u th\u1ee7 ch\u1ee7 ch\u1ed1t c\u0169ng \u1ea3nh h\u01b0\u1edfng l\u1edbn \u0111\u1ebfn k\u1ebft qu\u1ea3 tr\u1eadn \u0111\u1ea5u c\u1ea7n l\u01b0u \u00fd. Nh\u1eefng y\u1ebfu t\u1ed1 nh\u01b0 s\u00e2n nh\u00e0 s\u00e2n kh\u00e1ch, th\u1eddi ti\u1ebft v\u00e0 l\u1ef1c l\u01b0\u1ee3ng thi \u0111\u1ea5u \u0111\u1ec1u c\u1ea7n \u0111\u01b0\u1ee3c xem x\u00e9t c\u1ea9n th\u1eadn.<\/span><\/p>\n<h3><span id=\"Phuong_phap_cuoc_theo_day_1-3-2-4\"><b>Ph\u01b0\u01a1ng ph\u00e1p c\u01b0\u1ee3c theo d\u00e2y 1-3-2-4<\/b><\/span><\/h3>\n<p><span style=\"font-weight: 400;\">\u0110\u00e2y l\u00e0 chi\u1ebfn thu\u1eadt ph\u00e2n b\u1ed5 v\u1ed1n th\u00f4ng minh gi\u00fap th\u00e0nh vi\u00ean t\u1ed1i \u01b0u h\u00f3a l\u1ee3i nhu\u1eadn v\u00e0 gi\u1ea3m thi\u1ec3u r\u1ee7i ro trong qu\u00e1 tr\u00ecnh c\u01b0\u1ee3c. C\u1ee5 th\u1ec3, b\u1ea1n \u0111\u1eb7t 1 \u0111\u01a1n v\u1ecb \u1edf l\u1ea7n \u0111\u1ea7u, n\u1ebfu th\u1eafng ti\u1ebfp t\u1ee5c \u0111\u1eb7t 3 \u0111\u01a1n v\u1ecb \u1edf l\u1ea7n th\u1ee9 hai theo th\u1ee9 t\u1ef1. Ngo\u00e0i ra, quy t\u1eafc reset v\u1ec1 1 \u0111\u01a1n v\u1ecb khi thua gi\u00fap b\u1ea3o to\u00e0n v\u1ed1n hi\u1ec7u qu\u1ea3 trong m\u1ecdi t\u00ecnh hu\u1ed1ng.<\/span><\/p>\n<h3><span id=\"Chien_thuat_cuoc_theo_xu_huong\"><b>Chi\u1ebfn thu\u1eadt c\u01b0\u1ee3c theo xu h\u01b0\u1edbng<\/b><\/span><\/h3>\n<p><span style=\"font-weight: 400;\">Th\u00e0nh vi\u00ean n\u00ean theo d\u00f5i xu h\u01b0\u1edbng c\u01b0\u1ee3c c\u1ee7a \u0111\u00e1m \u0111\u00f4ng \u0111\u1ec3 nh\u1eadn bi\u1ebft nh\u1eefng bi\u1ebfn \u0111\u1ed9ng b\u1ea5t th\u01b0\u1eddng tr\u01b0\u1edbc gi\u1edd b\u00f3ng l\u0103n. Khi t\u1ef7 l\u1ec7 k\u00e8o thay \u0111\u1ed5i \u0111\u1ed9t ng\u1ed9t, \u0111\u00f3 th\u01b0\u1eddng l\u00e0 d\u1ea5u hi\u1ec7u cho th\u1ea5y c\u00f3 th\u00f4ng tin n\u1ed9i b\u1ed9 ho\u1eb7c y\u1ebfu t\u1ed1 \u1ea3nh h\u01b0\u1edfng quan tr\u1ecdng. \u0110\u1ed3ng th\u1eddi, vi\u1ec7c \u0111\u1eb7t c\u01b0\u1ee3c theo xu h\u01b0\u1edbng ng\u01b0\u1ee3c c\u0169ng l\u00e0 c\u00e1ch m\u00e0 nhi\u1ec1u cao th\u1ee7 \u00e1p d\u1ee5ng \u0111\u1ec3 ki\u1ebfm l\u1eddi.<\/span><\/p>\n<h2><span id=\"Loi_ket\"><b>L\u1eddi k\u1ebft<\/b><\/span><\/h2>\n<p><a href=\"https:\/\/whatifwefly.uk.com\/index.php\/the-thao-open\/\"><b>Th\u1ec3 thao OPEN88<\/b><\/a><span style=\"font-weight: 400;\"> th\u1ef1c s\u1ef1 l\u00e0 s\u00e2n ch\u01a1i l\u00fd t\u01b0\u1edfng d\u00e0nh cho nh\u1eefng ai y\u00eau th\u00edch c\u00e1 c\u01b0\u1ee3c th\u1ec3 thao v\u1edbi \u0111am m\u00ea v\u00e0 nhi\u1ec7t huy\u1ebft. V\u1edbi t\u1ef7 l\u1ec7 k\u00e8o c\u1ea1nh tranh, khuy\u1ebfn m\u00e3i h\u1ea5p d\u1eabn c\u00f9ng h\u1ec7 th\u1ed1ng hi\u1ec7n \u0111\u1ea1i, s\u1ea3nh c\u01b0\u1ee3c n\u00e0y x\u1ee9ng \u0111\u00e1ng l\u00e0 l\u1ef1a ch\u1ecdn h\u00e0ng \u0111\u1ea7u hi\u1ec7n nay. H\u00e3y \u0111\u0103ng k\u00fd t\u00e0i kho\u1ea3n v\u00e0 tr\u1ea3i nghi\u1ec7m ngay h\u00f4m nay \u0111\u1ec3 t\u1eadn h\u01b0\u1edfng nh\u1eefng ph\u00fat gi\u00e2y gi\u1ea3i tr\u00ed tuy\u1ec7t v\u1eddi c\u00f9ng <\/span><b>OPEN88<\/b><span style=\"font-weight: 400;\">.<\/span><\/p>\n","protected":false},"excerpt":{"rendered":"<p>Contents1 Th\u1ec3 Thao OPEN88 &#8211; B\u1eadt M\u00ed Kinh Nghi\u1ec7m, N\u00e2ng T\u1ef7 L\u1ec7 Th\u1eafng L\u1edbn1.1 Kh\u00e1m ph\u00e1 s\u1ea3nh th\u1ec3 thao OPEN88 uy t\u00edn h\u00e0ng \u0111\u1ea7u1.1.1 \u0110a d\u1ea1ng m\u00f4n th\u1ec3 thao h\u1ea5p d\u1eabn1.1.2 T\u1ef7 l\u1ec7 k\u00e8o c\u1ea1nh tranh s\u1ed1 m\u1ed9t1.1.3 C\u1eadp nh\u1eadt tr\u1eadn \u0111\u1ea5u theo th\u1eddi gian th\u1ef1c1.2 Ch\u01b0\u01a1ng tr\u00ecnh khuy\u1ebfn m\u00e3i th\u1ec3 thao OPEN88 si\u00eau h\u1ea5p [&#8230;]\n","protected":false},"author":1,"featured_media":123,"parent":0,"menu_order":0,"comment_status":"closed","ping_status":"closed","template":"","meta":{"footnotes":""},"class_list":["post-32","page","type-page","status-publish","has-post-thumbnail","hentry"],"_links":{"self":[{"href":"https:\/\/whatifwefly.uk.com\/index.php\/wp-json\/wp\/v2\/pages\/32","targetHints":{"allow":["GET"]}}],"collection":[{"href":"https:\/\/whatifwefly.uk.com\/index.php\/wp-json\/wp\/v2\/pages"}],"about":[{"href":"https:\/\/whatifwefly.uk.com\/index.php\/wp-json\/wp\/v2\/types\/page"}],"author":[{"embeddable":true,"href":"https:\/\/whatifwefly.uk.com\/index.php\/wp-json\/wp\/v2\/users\/1"}],"replies":[{"embeddable":true,"href":"https:\/\/whatifwefly.uk.com\/index.php\/wp-json\/wp\/v2\/comments?post=32"}],"version-history":[{"count":3,"href":"https:\/\/whatifwefly.uk.com\/index.php\/wp-json\/wp\/v2\/pages\/32\/revisions"}],"predecessor-version":[{"id":127,"href":"https:\/\/whatifwefly.uk.com\/index.php\/wp-json\/wp\/v2\/pages\/32\/revisions\/127"}],"wp:featuredmedia":[{"embeddable":true,"href":"https:\/\/whatifwefly.uk.com\/index.php\/wp-json\/wp\/v2\/media\/123"}],"wp:attachment":[{"href":"https:\/\/whatifwefly.uk.com\/index.php\/wp-json\/wp\/v2\/media?parent=32"}],"curies":[{"name":"wp","href":"https:\/\/api.w.org\/{rel}","templated":true}]}}